 digit of 118738?
7
What is the tens digit of 41028?
2
What is the hundreds digit of 2397?
3
What is the tens digit of 1677?
7
What is the tens digit of 315?
1
What is the tens digit of 7163?
6
What is the hundreds digit of 3562?
5
What is the tens digit of 48295?
9
What is the tens digit of 1508?
0
What is the tens digit of 310?
1
What is the tens digit of 4065?
6
What is the tens digit of 58608?
0
What is the thousands digit of 1418?
1
What is the tens digit of 998?
9
What is the thousands digit of 117181?
7
What is the ten thousands digit of 149275?
4
What is the thousands digit of 2501?
2
What is the units digit of 15901?
1
What is the units digit of 6648?
8
What is the units digit of 5835?
5
What is the ten thousands digit of 62368?
6
What is the tens digit of 875?
7
What is the units digit of 2807?
7
What is the units digit of 191?
1
What is the hundreds digit of 12896?
8
What is the hundred thousands digit of 168682?
1
What is the thousands digit of 40894?
0
What is the hundreds digit of 926?
9
What is the units digit of 15213?
3
What is the ten thousands digit of 120722?
2
What is the units digit of 106615?
5
What is the tens digit of 631?
3
What is the tens digit of 2177?
7
What is the units digit of 4576?
6
What is the tens digit of 9190?
9
What is the tens digit of 91557?
5
What is the tens digit of 89356?
5
What is the tens digit of 349?
4
What is the thousands digit of 4691?
4
What is the tens digit of 17565?
6
What is the hundreds digit of 816?
8
What is the hundreds digit of 12378?
3
What is the tens digit of 397?
9
What is the hundreds digit of 3297?
2
What is the tens digit of 438?
3
What is the tens digit of 345?
4
What is the units digit of 18997?
7
What is the tens digit of 221?
2
What is the thousands digit of 2111?
2
What is the hundreds digit of 930?
9
What is the thousands digit of 40368?
0
What is the thousands digit of 1021?
1
What is the tens digit of 61?
6
What is the hundreds digit of 4376?
3
What is the tens digit of 718?
1
What is the hundreds digit of 21789?
7
What is the units digit of 116999?
9
What is the hundreds digit of 6949?
9
What is the tens digit of 24?
2
What is the tens digit of 4222?
2
What is the units digit of 34482?
2
What is the units digit of 2321?
1
What is the units digit of 996?
6
What is the units digit of 84442?
2
What is the tens digit of 24381?
8
What is the thousands digit of 43064?
3
What is the units digit of 128937?
7
What is the tens digit of 155539?
3
What is the thousands digit of 6385?
6
What is the hundreds digit of 770?
7
What is the tens digit of 2571?
7
What is the units digit of 12459?
9
What is the thousands digit of 2319?
2
What is the units digit of 7807?
7
What is the thousands digit of 1824?
1
What is the units digit of 7472?
2
What is the hundreds digit of 48053?
0
What is the hundreds digit of 3391?
3
What is the tens digit of 8158?
5
What is the hundreds digit of 38638?
6
What is the thousands digit of 36194?
6
What is the ten thousands digit of 10957?
1
What is the hundreds digit of 78407?
4
What is the tens digit of 732?
3
What is the thousands digit of 1415?
1
What is the thousands digit of 23724?
3
What is the tens digit of 967?
6
What is the units digit of 3750?
0
What is the units digit of 2844?
4
What is the units digit of 3860?
0
What is the units digit of 4756?
6
What is the tens digit of 98377?
7
What is the units digit of 89934?
4
What is the units digit of 1656?
6
What is the units digit of 1815?
5
What is the hundreds digit of 88418?
4
What is the tens digit of 4285?
8
What is the hundreds digit of 820?
8
What is the units digit of 12107?
7
What is the units digit of 11629?
9
What is the hundreds digit of 520?
5
What is the hundreds digit of 23563?
5
What is the units digit of 1515?
5
What is the hundreds digit of 35624?
6
What is the units digit of 351?
1
What is the units digit of 518?
8
What is the units digit of 75395?
5
What is the thousands digit of 77103?
7
What is the ten thousands digit of 113974?
1
What is the units digit of 2?
2
What is the hundreds digit of 23648?
6
What is the units digit of 394?
4
What is the thousands digit of 7669?
7
What is the units digit of 5432?
2
What is the tens digit of 5145?
4
What is the tens digit of 23162?
6
What is the units digit of 9085?
5
What is the hundreds digit of 25094?
0
What is the units digit of 4793?
3
What is the hundreds digit of 17186?
1
What is the tens digit of 489?
8
What is the ten thousands digit of 13307?
1
What is the hundreds digit of 3885?
8
What is the units digit of 3948?
8
What is the tens digit of 1757?
5
What is the units digit of 10404?
4
What is the thousands digit of 1477?
1
What is the hundreds digit of 66802?
8
What is the tens digit of 20840?
4
What is the tens digit of 7296?
9
What is the units digit of 3502?
2
What is the tens digit of 3892?
9
What is the hundreds digit of 838?
8
What is the thousands digit of 4966?
4
What is the thousands digit of 1443?
1
What is the thousands digit of 3434?
3
What is the units digit of 20316?
6
What is the tens digit of 880?
8
What is the thousands digit of 2867?
2
What is the tens digit of 5738?
3
What is the thousands digit of 3142?
3
What is the units digit of 2997?
7
What is the units digit of 813?
3
What is the units digit of 16138?
8
What is the thousands digit of 1154?
1
What is the thousands digit of 9965?
9
What is the units digit of 286?
6
What is the thousands digit of 5502?
5
What is the tens digit of 73847?
4
What is the tens digit of 768?
6
What is the tens digit of 98414?
1
What is the tens digit of 3689?
8
What is the units digit of 6988?
8
What is the hundreds digit of 20868?
8
What is the tens digit of 5628?
2
What is the ten thousands digit of 19569?
1
What is the thousands digit of 6967?
6
What is the units digit of 62037?
7
What is the tens digit of 98825?
2
What is the hundreds digit of 4253?
2
What is the units digit of 998?
8
What is the hundreds digit of 488?
4
What is the thousands digit of 13192?
3
What is the units digit of 1506?
6
What is the thousands digit of 6549?
6
What is the tens digit of 200?
0
What is the thousands digit of 60720?
0
What is the hundreds digit of 203589?
5
What is the tens digit of 2964?
6
What is the thousands digit of 9648?
9
What is the hundreds digit of 2368?
3
What is the thousands digit of 2604?
2
What is the hundreds digit of 34657?
6
What is the tens digit of 2246?
4
What is the units digit of 1408?
8
What is the hundreds digit of 13616?
6
What is the hundreds digit of 5638?
6
What is the units digit of 80175?
5
What is the hundreds digit of 7446?
4
What is the units digit of 3399?
9
What is the units digit of 920?
0
What is the thousands digit of 9177?
9
What is the units digit of 10536?
6
What is the thousands digit of 161403?
1
What is the hundreds digit of 849?
8
What is the units digit of 33635?
5
What is the thousands digit of 1091?
1
What is the units digit of 917?
7
What is the hundreds digit of 535?
5
What is the hundreds digit of 96506?
5
What is the thousands digit of 6874?
6
What is the thousands digit of 4775?
4
What is the units digit of 9208?
8
What is the thousands digit of 24644?
4
What is the tens digit of 5347?
4
What is the tens digit of 3720?
2
What is the tens digit of 79930?
3
What is the units digit of 9617?
7
What is the hundreds digit of 1576?
5
What is the hundreds digit of 7298?
2
What is the thousands digit of 31533?
1
What is the units digit of 2198?
8
What is the tens digit of 8128?
2
What is the hundreds digit of 44605?
6
What is the tens digit of 2007?
0
What is the ten thousands digit of 56158?
5
What is the hundreds digit of 3142?
1
What is the tens digit of 678?
7
What is the tens digit of 61?
6
What is the hundreds digit of 7838?
8
What is the hundreds digit of 13361?
3
What is the thousands digit of 1195?
1
What is the tens digit of 117?
1
What is the units digit of 151358?
8
What is the units digit of 17159?
9
What is the thousands digit of 7356?
7
What is the hundreds digit of 944?
9
What is the hundreds digit of 435?
4
What is the tens digit of 1206?
0
What is the units digit of 867?
7
What is the units digit of 484?
4
What is the tens digit of 872?
7
What is the units digit of 64507?
7
What is the thousands digit of 13097?
3
What is